(a) = 3*a**2 + a + 2. What are the prime factors of z(2)?
2
Let c = 271 + -191. What are the prime factors of c?
2, 5
Suppose -6 = -3*a - 0*a. Suppose -11 = -a*q - 1. List the prime factors of q.
5
Let g = 5 + -4. Let r(o) = 22*o**2 + o. Let v be r(g). Suppose -t = 3*b + b + 11, 3*t - v = 2*b. What are the prime factors of t?
5
Suppose -3*a = 3*u - 102, -1 + 5 = -2*a. What are the prime factors of u?
2, 3
Suppose 0 = -4*q + 131 + 377. What are the prime factors of q?
127
Suppose 5*x - 42 = -3*k, 3*k = -3*x + k + 25. Let m(t) = 10*t - 9. Let f be m(6). List the prime factors of f/x - 1/(-3).
2, 3
Suppose 2*t + s = 8, -4*t + 5*t + 2*s = 10. Suppose -7 - 33 = -t*o. Suppose -o = w - 6*w. List the prime factors of w.
2
Let g(c) = c**2 - c + 5. Let u be g(0). Suppose 3 = -4*v + u*z, 0*z = v - z. List the prime factors of v.
3
Let b = 33 - 52. Let k = -3 - b. List the prime factors of k.
2
Let o = 127 + -76. What are the prime factors of o?
3, 17
Let t = 5 + -1. Let q(i) = -9*i + 3. Let m be q(-3). Suppose -3*h = 5*p + m - 76, -p + t*h = -23. List the prime factors of p.
11
List the prime factors of (4338/27*(-3)/2)/(-1).
241
Suppose 181 = 5*d + 21. Suppose d = 6*p - 2*p + 5*x, 2*p - 14 = -2*x. What are the prime factors of p?
3
Suppose -2*d = -4 - 14. Suppose 24 - d = 5*l. Suppose -2 + 11 = l*b. What are the prime factors of b?
3
Let z be (-1 + 4)*(-52)/(-3). Let m = z - -68. What are the prime factors of (2/(-5))/((-4)/m)?
2, 3
Let u = -16 - -42. What are the prime factors of u?
2, 13
Let a = -5 + 7. Suppose -74 = a*s - 4*s - y, -y = 5*s - 182. What are the prime factors of s?
2, 3
Let b(i) = -2*i + 11. Let g = 5 - -3. Let s be b(g). What are the prime factors of s - -3 - -5*2?
2
Let q(z) = z**3 + 8*z**2 + 8*z + 13. What are the prime factors of q(-6)?
37
Suppose 0*i - 2*i + 10 = 0. Suppose 2*l - 27 = -i. List the prime factors of l.
11
Let i be 1/(-3)*(-21)/1. Suppose -z - i = -2*z. List the prime factors of z.
7
Suppose 62 = 2*c - 2*r, -6*c = -4*c + 3*r - 42. What are the prime factors of c?
3
Let d = -46 - -103. List the prime factors of d.
3, 19
Suppose 286 - 81 = 5*h. What are the prime factors of h?
41
Let a(h) be the second derivative of h**4/6 + h**3/6 + 3*h**2/2 + 4*h. What are the prime factors of a(-3)?
2, 3
Suppose 8 + 10 = 2*w. List the prime factors of w.
3
Suppose 30 = -5*g - 4*h, h - 30 = -0*g + 5*g. Let u = g + 8. List the prime factors of 3 - 1 - (-10)/u.
7
Let c(h) = -5 + 4 - 2 + 6 - 3*h. What are the prime factors of c(-4)?
3, 5
Suppose -3*h + 4*k + 9 = 3*k, 0 = 4*h + k - 12. What are the prime factors of (-47)/(-2) - h/(-6)?
2, 3
Let v(u) = -6*u**2 - 7*u. Let l(w) = -w. Let i(j) = 6*l(j) - v(j). Let q be i(-1). What are the prime factors of q - (0 - -2 - 0)?
3
List the prime factors of (-1 - (138/(-1) - -2)) + 4.
139
Let g = 223 - 65. What are the prime factors of g?
2, 79
Suppose -3 = -5*x + 2*x. Let h be (45 + x)/(2 + -1). Suppose 6*m + 3*v = m + h, 12 = -4*v. List the prime factors of m.
11
Let h = 0 + 5. Let g(o) = 5*o**2 + o - 10. Let p(j) = j**2 + j - 1. Let n(w) = g(w) - 4*p(w). List the prime factors of n(h).
2
Let c = 77 + -32. What are the prime factors of c?
3, 5
Let a(t) = t**2 - 7*t + 14. What are the prime factors of a(11)?
2, 29
Let o(b) = b**2 - 4*b - 5. List the prime factors of o(7).
2
Let w(q) = q**3 + 2*q**2 - 2*q - 1. Let t be w(2). List the prime factors of (-2 - -3)/(1/t).
11
Let f = 6 - -17. What are the prime factors of f?
23
Suppose 0 = 4*q + 2*q - 408. What are the prime factors of q?
2, 17
Suppose 0 = -2*a + a + 63. Suppose -27 = 3*u + a. What are the prime factors of (-4)/u*3*25?
2, 5
Suppose -5*p + 570 = 5*d, -p + 246 = p - 4*d. List the prime factors of p.
3, 13
Suppose 8*k = 3*k + 165. List the prime factors of k.
3, 11
Suppose -5*v = -16 - 4, -40 = -4*l + 2*v. List the prime factors of l.
2, 3
Suppose -2*n - 4 = -r, 4*r = 2*n + 12 + 10. Suppose 3*u - 4 = -2*c, 3*c - 6 = 2*u + 2*u. Suppose 0 = -4*w + c + r. What are the prime factors of w?
2
Let r(m) = m**3 + 2*m**2 - 4*m - 4. Suppose -3*k - 9 = -0. Let p be r(k). Let y = p + 5. What are the prime factors of y?
2
Let l = 1 + 13. Suppose 0 = 5*r - r - 20. Suppose -r*q = 2*h - l, 0 = -4*h + 5*q - 10*q + 38. What are the prime factors of h?
2, 3
Let x(r) = -3 + 4*r + 1 - 2*r**2 + 5 + r**2. Let b be x(-2). Let q = -3 - b. List the prime factors of q.
2, 3
Suppose -q + 0*u - 5*u + 96 = 0, 5*u + 126 = q. What are the prime factors of q?
3, 37
Let x = 2 - 2. Suppose x*b - 100 = 5*b. What are the prime factors of ((-5)/4)/(5/b)?
5
Let m = -15 + 20. Suppose 41 + 74 = m*x. List the prime factors of x.
23
Let o(j) = 2*j**2 + 26*j - 15. List the prime factors of o(-16).
3
Let x = 12 - 7. Suppose w + 48 = 4*t + 5*w, -w = x*t - 64. List the prime factors of t.
13
Let y(j) = -3*j**3 + 3*j**2 + j + 1. Let s(t) = -t**3 + t**2 + 1. Let z(b) = 2*s(b) - y(b). List the prime factors of z(3).
2
Let d(o) = -6*o - 47. What are the prime factors of d(-14)?
37
Suppose m = -5*m + 1260. What are the prime factors of m?
2, 3, 5, 7
Suppose -2*k + 0 - 6 = 0, -n = k + 3. Suppose 6*w - 3*w = 3*h + 12, n = 2*h - 8. Suppose 4*p + 0 = w. What are the prime factors of p?
2
Let t be 3 + -3*(-2)/6. Suppose 2*o - t = 0, 0*o - 3*o - 18 = -3*s. List the prime factors of s.
2
List the prime factors of -44*(8/(-52) - (-35)/(-26)).
2, 3, 11
Let b(n) be the second derivative of n**3/6 - 9*n**2/2 + 2*n. Let w be b(9). Suppose 4*j + j - 3*k - 39 = w, 0 = -j - 2*k. What are the prime factors of j?
2, 3
Let i(f) = f**2. Suppose 1 = 2*b + 3. Let a = -3 - b. What are the prime factors of i(a)?
2
List the prime factors of 2 - 0*(-5)/15.
2
Let r(d) = 216*d**2 - d. What are the prime factors of r(1)?
5, 43
Let n be (-2)/4 - 22/4. Suppose l - 3*l - w + 242 = 0, -3*w - 6 = 0. What are the prime factors of n/(-21) - l/(-14)?
3
Suppose -f - f = -8. Suppose -f*b = u - 3*b - 5, -12 = 4*b. Suppose 2*n + 2*h + u = 20, 1 = -h. What are the prime factors of n?
7
Let t(o) = -9*o**2 + 2*o - 4. Let w(s) = -19*s**2 + 4*s - 9. Let f(a) = -7*t(a) + 3*w(a). List the prime factors of f(1).
5
Suppose -4*g + 2*w = w - 37, 3*w + 48 = 5*g. Suppose 2*x + g = x. Let k(i) = -i**3 - 8*i**2 + 9*i + 12. List the prime factors of k(x).
2, 3
Suppose 2*s - 15 = 5*s. Let t = 3 + s. What are the prime factors of (t/4)/(2/(-20))?
5
Let g = 4 - -11. Let j = 7 + -14. Let i = j + g. What are the prime factors of i?
2
Suppose -7*y = -2*y - 25. Suppose 5*o = -5*l - y, 2*o + 13 = 2*l - o. Suppose 0 = l*p - 20 + 4. List the prime factors of p.
2
Let r = -7 - -11. Suppose r*f = f. Suppose u - 2*u = -5*h - 15, -2*u - 4*h + 2 = f. What are the prime factors of u?
5
Suppose -8 = 3*k + 4. Let i(z) = -z**3 - 2*z**2 + 5*z - 1. List the prime factors of i(k).
11
Let i = 1 + -2. Let c be 4*i/(-1 + 0). Let m(r) = r**3 - 3*r**2 - r - 5. List the prime factors of m(c).
7
Let h(c) = -1 - c - 2 - 6. Let p be h(-8). Let g(l) = 9*l**2 - l. What are the prime factors of g(p)?
2, 5
Let f(k) = k**2 - 4. Suppose -1 - 2 = -b. List the prime factors of f(b).
5
Let x = 3 + -6. What are the prime factors of x/((-6)/7)*14?
7
Let l(k) be the first derivative of k**2 + 6*k + 3. Let z(y) = -y - 2. Let p(v) = -3*l(v) - 8*z(v). List the prime factors of p(6).
2, 5
What are the prime factors of (12/18)/((-1)/(-30))?
2, 5
Let u(h) = 20*h + 22. What are the prime factors of u(7)?
2, 3
Let k(q) = 15*q**2 - 2*q + 3. Let t(r) = -8*r**2 + r - 2. Let y(d) = 6*k(d) + 11*t(d). List the prime factors of y(3).
11
Let n(s) = s**3 + 5*s**2 + 2*s - 1. Let a be 1*(3 - 5) + -1. List the prime factors of n(a).
11
Let a = 44 - 25. Let b be (-6)/4*(3 - 7). Suppose 0 = 4*t - c - 32, 2*c + a = b*t - 3*t. What are the prime factors of t?
3
Suppose -10 = -h - 2. What are the prime factors of h?
2
Let d = 496 - 334. What are the prime factors of d?
2, 3
Suppose 2*t = 3*t - 5*q - 38, -5*t - 2*q + 244 = 0. List the prime factors of t.
2, 3
Let o(f) = 6*f**2 - 9*f - 14. List the prime factors of o(-7).
7
Let d(g) = g**3 - g**2 + g. Let j be d(2). Let w be ((-4)/j)/((-2)/6). What are the prime factors of w/1*(-2)/(-2)?
2
Suppose -3*l - 195 = -8*l. List the prime factors of l.
3, 13
Let p(n) = -n**3 - 7*n**2 - 7*n - 8. Let w be p(-6). Let a be w/(-12) + (-130)/(-12). Suppose -g - a = -2*g. What